13424?
-103443
In base 7, what is 2453 - 211?
2242
In base 11, what is -17 + 1876278?
1876261
In base 2, what is -11011111010101111111111 - 10111?
-11011111010110000010110
In base 4, what is 300 - 323202223122?
-323202222222
In base 5, what is -12313 + 2111422?
2044104
In base 2, what is 10101101111 - 100110010001?
-10000100010
In base 10, what is -53607877 + 5?
-53607872
In base 6, what is 3104 + -211?
2453
In base 14, what is 283d - -182?
29c1
In base 4, what is 312023032 + 202?
312023300
In base 4, what is 0 + -322130301000?
-322130301000
In base 13, what is -5608458 - -1?
-5608457
In base 5, what is -112 - 1211412402?
-1211413014
In base 13, what is 417744 + -c?
417735
In base 4, what is 112203011123 + -1?
112203011122
In base 8, what is 3316250 + 50?
3316320
In base 2, what is -111010 - 1000111111101001000?
-1000111111110000010
In base 9, what is -480 - -445543?
445053
In base 7, what is -510 - 166465?
-200305
In base 7, what is -21063 + 166416?
145323
In base 4, what is 1103202110322 + 20?
1103202111002
In base 7, what is 122 + 2032331?
2032453
In base 6, what is -1313 + -31355?
-33112
In base 2, what is -101 - -10111000100100100001101?
10111000100100100001000
In base 15, what is -a9 - 83d4?
-848d
In base 13, what is -1c19 + 126b?
-97b
In base 9, what is 28 - 328576?
-328547
In base 13, what is -8005 + 215?
-7ac0
In base 12, what is -5787 + -b129?
-148b4
In base 10, what is -8599 - 41398?
-49997
In base 11, what is -3 + -43122a69?
-43122a71
In base 7, what is -215 + 3063640?
3063422
In base 6, what is 1510140144 - 0?
1510140144
In base 11, what is 39a38 + 1128?
40065
In base 9, what is 102 - 2210155?
-2210053
In base 10, what is 606733 + 56?
606789
In base 13, what is 0 - 4272904c?
-4272904c
In base 9, what is -3 - 885430?
-885433
In base 11, what is 5465 + 4721a?
51684
In base 8, what is 10075 + -5336?
2537
In base 10, what is -4 + -75373897?
-75373901
In base 7, what is -56224 - -1334?
-54560
In base 5, what is 113 - -11311104033?
11311104201
In base 11, what is 5 + 154a2024?
154a2029
In base 6, what is -123415210 + 54?
-123415112
In base 15, what is 5e5043 + 1?
5e5044
In base 10, what is 1494284 + 12?
1494296
In base 13, what is 244 - 1572c?
-154b8
In base 5, what is 3 + 2400132122?
2400132130
In base 8, what is -1 - 17665555?
-17665556
In base 8, what is -254 + 6223522?
6223246
In base 3, what is -200220211222011 + -2?
-200220211222020
In base 9, what is 0 - 7342354?
-7342354
In base 2, what is -10 + -10111101001001110000110?
-10111101001001110001000
In base 14, what is -8 - -2553c8?
2553c0
In base 12, what is -12a63200 + 3?
-12a631b9
In base 16, what is -e2 - 8e68?
-8f4a
In base 7, what is 6155 - -146101?
155256
In base 13, what is -6a776b71 + -2?
-6a776b73
In base 13, what is 23632408 - -3?
2363240b
In base 11, what is -2 - -32706346?
32706344
In base 16, what is 4 + 267bc9?
267bcd
In base 14, what is 655d - -301?
6860
In base 2, what is -10011 - 10101000010110001011110101?
-10101000010110001100001000
In base 13, what is -327a + -a61?
-400b
In base 12, what is -35b1a + 261?
-35879
In base 12, what is -4702 + 202?
-4500
In base 11, what is -3 + 140a3978?
140a3975
In base 2, what is 0 - 110001010010011111000?
-110001010010011111000
In base 5, what is -10 - 204243101?
-204243111
In base 16, what is -4 + 10ed5d5?
10ed5d1
In base 5, what is -403 - 421010330?
-421011233
In base 5, what is 222403 + 24112?
302020
In base 10, what is 25627752 - -3?
25627755
In base 2, what is 11010 - -110011010010110011?
110011010011001101
In base 4, what is -10 - -22321022103?
22321022033
In base 9, what is 187084345 - -1?
187084346
In base 10, what is -2886 - 7997?
-10883
In base 13, what is 12b + -5b135a?
-5b122c
In base 6, what is -3031 - 230550?
-234021
In base 13, what is -6417 - -3b6?
-6031
In base 7, what is 4124 + -653121?
-645664
In base 6, what is 214 - 21042430?
-21042212
In base 12, what is 3448ba - -31?
34492b
In base 10, what is 1980491 + 68?
1980559
In base 13, what is 2c3c + -1409?
1833
In base 16, what is -16c881 + -f?
-16c890
In base 13, what is 810c2327 + 2?
810c2329
In base 2, what is -1100 + -100000011111111001000111?
-100000011111111001010011
In base 7, what is -35 + -14333214?
-14333252
In base 10, what is -4 + 1752148?
1752144
In base 12, what is -5 + -12345b32?
-12345b37
In base 13, what is 13 + -1749ac?
-174999
In base 5, what is 10 + 203232103?
203232113
In base 16, what is 9b4 - 3d?
977
In base 2, what is -1001110001010000101000 + 110001?
-1001110001001111110111
In base 16, what is -4 - 2b9499?
-2b949d
In base 14, what is 360d2c - 0?
360d2c
In base 6, what is -131410 - 20450?
-152300
In base 5, what is -1400423111 - 104?
-1400423220
In base 15, what is 14e2 - 4221a?
-40c28
In base 6, what is 0 + 1113235445?
1113235445
In base 4, what is 312320002133 - 130?
312320002003
In base 8, what is -4 + 116554332?
116554326
In base 11, what is -10 + -a61609?
-a61619
In base 4, what is -1 + 202222202230?
202222202223
In base 12, what is 20955 - -9b8?
21751
In base 7, what is -6140 - -43143?
34003
In base 13, what is 3ab12913 + -4?
3ab1290c
In base 12, what is 5870 + -32b46?
-29296
In base 8, what is -21714437 - 0?
-21714437
In base 9, what is -66363 - -12?
-66351
In base 5, what is 302 - 332223241?
-332222434
In base 13, what is -1 - 37669c?
-3766a0
In base 16, what is b - e21ed4?
-e21ec9
In base 4, what is -1013 - 111123303?
-111130322
In base 16, what is -1cc + -2b3c70?
-2b3e3c
In base 3, what is -112202100210211111 + 11?
-112202100210211100
In base 6, what is -42550 - 11203?
-54153
In base 7, what is 1223 + -12526523?
-12525300
In base 15, what is 713048 + -6?
713042
In base 4, what is -30213 - 12210323?
-12301202
In base 11, what is 0 + -5533339?
-5533339
In base 2, what is 101110101011011100111 + -101?
101110101011011100010
In base 6, what is 50233051 + 35?
50233130
In base 3, what is -220211 - -11220110000?
11212112012
In base 14, what is -3 + 2a17a685?
2a17a682
In base 10, what is -9484499 + -5?
-9484504
In base 13, what is 4191c346 - -3?
4191c349
In base 8, what is -3312 - 372310?
-375622
In base 4, what is -100123 + -1201002031?
-1201102220
In base 11, what is -2642 - -153aa?
12868
In base 8, what is -7455 + -1301?
-10756
In base 16, what is b - fea0?
-fe95
In base 13, what is -17548 - 1c?
-17567
In base 11, what is -5 + 162733?
162729
In base 9, what is 8280 - -67162?
76452
In base 10, what is 55 - -1307490?
1307545
In base 12, what is -163978598 - -3?
-163978595
In base 9, what is -707446 - 73?
-707530
In base 10, what is 1641 - -369021?
370662
In base 8, what is -3755436 - 10?
-3755446
In base 14, what is -d25d4 - -27d?
-d2355
In base 15, what is 1e9a + 15a6?
3551
In base 3, what is -121 + 111112001122?
111112001001
In base 13, what is -2a97b + 226?
-2a755
In base 14, what is -a9d - -1c2c?
116d
In base 6, what is -100240250 + -125?
-100240415
In base 16, what is -13e + -3517?
-3655
In base 10, what is -44 - -379590?
379546
In base 15, what is -16757 + -139d?
-17b05
In base 2, what is -1010110111011 - 11001001110?
-1110000001001
In base 6, what is 4 - 2313002?
-2312554
In base 10, what is -6 + 442125?
442119
In base 11, what is -7090a05 - 3?
-7090a08
In base 13, what is 67 - -315?
37c
In base 13, what is 3419198 + 2?
341919a
In base 4, what is 1200121 - -1120031?
2320212
In base 2, what is -100110000101100101001 - -100001?
-100110000101100001000
In base 14, what is 2 - -c1b151?
c1b153
In base 3, what is 1200120001102 + -22001?
1200112202101
In base 13, what is 48b74087 - 4?
48b74083
In base 9, what is -45871 - 2433?
-48414
In base 16, what is 44 - c0a07?
-c09c3
In base 8, what is -302 - -13421741?
13421437
In base 13, what is 544c386a - 0?
544c386a
In base 3, what is -1 - 10101010211100012?
-10101010211100020
In base 15, what is 4 + 16088922?
16088926
In base 13, what is -1 + 43c9ac4?
43c9ac3
In base 13, what is -18625 + -313?
-18938
In base 6, what is 4 - -53135545?
53135553
In base 16, what is -ad - ccd6?
-cd83
In base 15, what is -5 + -6a356e?
-6a3574
In base 2, what is -110100110001101111001 + 11?
-110100110001101110110
In base 9, what is -143054702 - -4?
-143054687
In base 11, what is -405597 + -6?
-4055a2
In base 10, what is 361 - 1192?
-831
In base 10, what is -36703913 - 0?
-36703913
In base 10, what is -20582360 + -